a**3 - 17*a**2 + 12*a + 63. Suppose 74*x = 81*x - 112. Let d be n(x). Let w(b) = -7*b - 2. Give w(d).
5
Let n = 14 + -14. Let l be 0 + (1/(-4))/(4/(-32)). Let s(h) = 1 - h - 7 - 1 - h**l + 4. Give s(n).
-3
Let q be (-1)/(-2)*-2 + 1. Suppose 2*y - 13 = -6*j + 5*j, -y = -3*j - 3. Let z(c) = y*c + 5 - 5*c - 10. What is z(q)?
-5
Let a(i) = -7*i**3 - i. Let n be ((-52)/(-182))/((-2)/28). Let j be n*1/(-28) - (-8)/(-7). Give a(j).
8
Let y(r) = -r**3 - 6*r**2 + 3*r + 4. Let k(d) be the second derivative of 10*d - 4/3*d**3 + 0 + d**2. Let n be k(1). Determine y(n).
-14
Let v(d) = 13*d**2 - 1. Let a be v(1). Let u = 16 - a. Let s(j) = 51*j + 47*j - 97*j. Determine s(u).
4
Let t(m) = 54*m**2 + 2*m - 5. Let q be t(2). Let h = q - 218. Let d(a) = -12*a - 6. Let c(f) = 6*f + 3. Let n(r) = -5*c(r) - 3*d(r). Determine n(h).
-15
Suppose -5*k + p + 25 + 1 = 0, 2*k - p = 11. Let z(d) = 9 - k*d + 53*d**2 + d + 10*d - 46*d**2 + d**3. Calculate z(-6).
9
Let j(n) be the second derivative of -n**3/3 + 3*n. Suppose 5*x + 4*z - 13 + 5 = 0, 10 = 4*x + 2*z. Suppose -2*v = -x*h, 3*h - 2*h = -1. Calculate j(v).
4
Let t(a) = -a**2 - 9*a + 11. Let n be 1/(-1*2) - 675/18. Let w = n + 48. Let v be (2 - 3)/((7/w)/7). Calculate t(v).
1
Let x(t) = -4*t**3 - 17*t**2 + 37*t + 11. Let z(m) = 9*m**3 + 36*m**2 - 90*m - 21. Let v(l) = -7*x(l) - 3*z(l). Calculate v(-10).
-24
Let y(x) be the third derivative of -x**6/120 + x**5/10 + x**4/2 - 7*x**3/6 - 12525*x**2. Give y(7).
28
Suppose -4*n - 70 = -146. Let s(j) be the second derivative of -j**4/12 + 10*j**3/3 - 15*j**2/2 - 578*j. What is s(n)?
4
Let f be ((-1 - 1) + 4)*10*(-2)/8. Let d = 11 + -9. Let n(c) = 5*c + 4*c**2 + 4 - d - 3*c**2. What is n(f)?
2
Suppose -4*y + 5*w + 8 = 0, 23*w = 19*w. Let q(v) = 10*v + 12*v**y - 2*v + 10 - 8*v**2 - 5*v**2. What is q(8)?
10
Let u(c) = -3*c - 26. Let y(d) = -d - 9. Let x(a) = -4*u(a) + 11*y(a). Let j(n) = 76*n - 3651. Let k be j(48). Calculate x(k).
2
Let r be (-90)/60 + -13*(-1)/2. Let g(c) = -6*c - 17. Calculate g(r).
-47
Let w(l) be the third derivative of -7*l**6/120 + l**5/60 - l**3/3 + 2738*l**2. What is w(1)?
-8
Let f(l) = 2*l**3 - 5*l - 2. Let y be f(2). Suppose 3 = 4*r + j + 19, 0 = y*j. Let z(b) = -b - 4. What is z(r)?
0
Let g(h) = -h**3 + 5*h**2 - 3*h - 3. Suppose 9*r - 13 = 167. Suppose -18*q + r = -52. Calculate g(q).
1
Let i(l) = 38*l + 5. Let d be i(0). Let s(n) be the third derivative of 9*n**2 + 0 - 1/120*n**6 + 0*n + 1/12*n**5 + 1/24*n**4 + 7/6*n**3. Give s(d).
12
Let h = 108 - 101. Suppose w + 5 = h. Let b(d) = -4*d - 3 + 0 - 3*d**2 + 8*d. Calculate b(w).
-7
Suppose i + 5*t + 19 = 0, -t - 18 = -5*i - 35. Let a(q) = q**2 + 8*q + 2. What is a(i)?
-14
Let s(g) = -g**3 + 8*g**2 - 3*g + 16. Let d(p) = -551*p + 7721. Let i be d(14). Determine s(i).
44
Suppose -4*o - 24 = -6*o - 3*k, 5*k + 10 = 5*o. Let a(d) = d**3 + 5*d - 8*d + o*d - 3*d**2 - 6. Calculate a(3).
3
Suppose 545*u = 551*u. Let p = 2 - -4. Suppose -p = 3*b - u*b. Let a(l) = -l**3 - 2*l**2 + 1. Determine a(b).
1
Let u(v) = -v**2 - 8*v - 5. Let i(j) = -20 - 8*j + 0 + 20*j - 3*j**2. Let m be i(2). Determine u(m).
-5
Let j be 1/(-2)*(35 + 3). Let c = -14 - j. Let g(o) = -3*o**3 - 8*o**2 - o - 12. Let u(r) = -r**3 - 4*r**2 - r - 6. Let z(h) = 2*g(h) - 5*u(h). Give z(c).
-4
Suppose 594 = 61*d - 386 - 789. Let x(a) = -a**3 + 30*a**2 - 30*a - 46. What is x(d)?
-75
Suppose -3076 = 83*i - 2910. Let a(o) = 4*o**2 + 14*o + 26. What is a(i)?
14
Let m(p) = p**2 + p + 4. Let j be (33/(-44))/((-1)/4). Give m(j).
16
Let f(q) = -4*q - 9. Suppose -3514*t + 52 = -3527*t. Give f(t).
7
Let w(j) be the second derivative of j**5/20 - j**4/4 + j**3/3 - 2*j**2 + 100009*j. Let u = -6 - -9. Suppose 0 = 2*x - 2, u*x = -a + 2*a. What is w(a)?
2
Suppose -2*d - 6*h + h = -9, 4*d - 2*h = 6. Let o(i) = -4*i - d*i - 249 + 2*i + 244. What is o(-2)?
3
Let x be (1 + -17)*14/2. Let b be x/(-20) - 2/(-5). Let f(w) = -22*w**2 + 40*w**2 - 10*w**2 - 7*w**2 + 5 - 9*w - 1. What is f(b)?
-14
Let m(a) = 31*a + 2295*a**2 + a**3 + 23 - 23*a - 2303*a**2. Give m(6).
-1
Suppose 0*z - 3*a - 64 = 5*z, 3*z = -3*a - 42. Let w(y) be the third derivative of -y**5/60 - 3*y**4/8 + 5*y**3/2 - 62*y**2 - 1. Give w(z).
-7
Let u(z) be the second derivative of z**6/240 - z**5/10 - 85*z**4/4 + 126*z + 2. Let m(r) be the third derivative of u(r). Give m(7).
9
Let l be (2/1)/((-7)/182). Let p = -41 + -9. Let o = l - p. Let v(q) = -4*q - 2. Determine v(o).
6
Let j(i) be the second derivative of -1/6*i**3 + i + 9 - 19/2*i**2. Give j(-8).
-11
Suppose 282*z = 278*z + 12. Suppose -2*s + w - 9 = 0, 13*s = 9*s + z*w - 15. Let q(b) be the second derivative of -b**3/6 - 5*b**2/2 + 2*b. Determine q(s).
1
Let v(a) = a - 8. Let y(r) = 2*r - 17. Let d(i) = -7*v(i) + 3*y(i). Let f be ((-279)/(-155))/((-11)/55). Give d(f).
14
Let z be -2 - 8/12*-3. Let h(y) = 58*y + 30. Let k(w) = 25*w + 13. Let s(r) = 3*h(r) - 7*k(r). Calculate s(z).
-1
Let z(g) = g**3 - 6*g**2 + 5*g + 2. Suppose -43 = -m + 4*a, 79 = 2*m + a - 2*a. Let l be -197*(-3)/m - 6/39. Suppose -10*o + l = -7*o. Determine z(o).
2
Let s(f) be the first derivative of -f**3/6 + f**2/2 - 76*f - 36. Let o(g) be the first derivative of s(g). What is o(-4)?
5
Let o(u) be the second derivative of u**7/2520 + u**6/120 - u**5/30 - 47*u**4/12 + 60*u. Let v(p) be the third derivative of o(p). Calculate v(-8).
12
Let p(x) = -6*x**2 + 2 + 2*x**3 - 3*x**3 + 4*x**2. Let t be p(-2). Let j(f) = -t + 5*f - 8*f + 1 + 2*f. Give j(3).
-4
Let a(j) = 10*j**2 - j - 4. Let s(g) = 93*g + 13768. Let i be s(-148). Give a(i).
152
Let x(k) be the second derivative of k**7/2520 + k**6/144 - k**5/30 + k**4/12 + 13*k**3/3 + 46*k. Let a(o) be the third derivative of x(o). Give a(-6).
2
Let r be ((-14)/8)/1*-4. Let x(a) be the third derivative of -a**5/60 + 5*a**4/24 + 5*a**3/6 - 2817*a**2. Give x(r).
-9
Let h(b) = -32*b**3 + b**2 + 2*b + 1. Suppose 24*c - 27*c = 9, 2*c = 2*r - 4. Give h(r).
32
Let z(m) be the first derivative of 143 + 5/2*m**2 + m + 2*m**3 + 1/4*m**4. Suppose 25 = -2*n - 3*n. Determine z(n).
1
Let n(q) = -1 + 7*q**2 - 2*q + 7 - 4*q - q**3. Let b(w) = -w**3 + 66*w**2 - 609*w + 226. Let s be b(55). What is n(s)?
6
Let t(i) = i**3 + 13*i**2 + 16*i + 14. Let s be t(-11). Suppose -3*z = 2*q + 61, -7*z = -3*z + 2*q + s. Let d = 18 + z. Let n(b) = 11*b**3. What is n(d)?
-11
Suppose 4*g + 1 = 2*z - 1, 4*z - 30 = -5*g. Let w(x) = 0*x + 3 - 2*x**2 - 2*x - g + 3*x - x**3. Calculate w(-3).
7
Suppose -108*y = -117*y + 36. Suppose 8*v - 21 = 5*v. Suppose -y*l = -23 + v. Let h(s) = 2*s + 4. What is h(l)?
12
Let y be (-8 - (-204)/27)/(2/(-9)). Let c(l) = 3*l**3 - 4*l**2 + l. Let r(v) = -10*v**3 + 13*v**2 - 4*v + 1. Let m(d) = 7*c(d) + 2*r(d). Calculate m(y).
0
Let g be (11 - 6) + 15 + -1. Let p(y) = 9*y + 1 - g + 17 - y**2. Determine p(6).
17
Let n(y) = 234039*y - y**3 - 234039*y. Let d(v) = -v**3 + 8*v**2 + v + 10. Let r(t) = d(t) - 2*n(t). Calculate r(-8).
2
Let t(r) be the first derivative of 1/3*r**3 - 7*r - 175 - 5*r**2. Determine t(11).
4
Let n(z) = 13*z + 1. Let r be (-36)/(-12) + 2 + (-6 - -2). Calculate n(r).
14
Let o(x) = 17*x + 10. Let i(c) = -5*c - 9. Let a(w) = -5*w - 10. Let m(u) = 6*a(u) - 7*i(u). Let f(k) = 7*m(k) - 2*o(k). Give f(-5).
-4
Let x(m) = -m**2 + m + 4. Suppose -106*v + 528 = -84*v. Let n be ((-12)/5)/((-2)/20). Let a = n - v. What is x(a)?
4
Suppose -3*r + 47 = 5*c, -2 = r - 2*c - 3. Suppose -r*w + 55 = -4*w. Let i(k) = -k**3 + 11*k**2 - 4. Let y be i(w). Let t(l) = -l**2 - 7*l - 4. What is t(y)?
8
Let h = -96 + 100. Suppose -h*x = x, 5*r - 5*x - 10 = 0. Let z(i) = i**2 - 4*i - 1. What is z(r)?
-5
Let r(y) = -y**3 - 28*y**2 + 63*y + 85. Let p be 30/(-4)*15*(-72)/(-270). Determine r(p).
-5
Let l(k) be the first derivative of -7*k**3/3 + 7*k**2 - 14*k - 41. Let c(s) = 4*s**2 - 9*s + 7. Let h(w) = 5*c(w) + 3*l(w). What is h(-3)?
-7
Suppose -v - f + 7 = 0, 0 = -v + 2*f - 6*f + 19. Let w(q) = q**3 - 3*q**2 + 6*q - 5. Give w(v).
13
Let f(r) = -7*r + 48. Let i(c) = -9*c + 63. Let t(l) = 6*f(l) - 5*i(l). What is t(2)?
-21
Let m(h) = 730 - 1477 + 742 - 2*h. Give m(-6).
7
Suppose -k = -2*k - 5. Suppose 3*a - 37 = -5*y, -y + 4 = 3*a - 13. Let f(b) = -3*b + y*b - 519 + 518. Give f(k).
-11
Let y(t) = 4*t - 3*t + 4*t**2 + 2 - 1. Suppose -4*r - 3*g = -3*r + 12,